is the units digit of 170307?
7
What is the hundreds digit of 18536466?
4
What is the hundred thousands digit of 360223?
3
What is the hundred thousands digit of 2486808?
4
What is the hundreds digit of 10498121?
1
What is the tens digit of 545541?
4
What is the tens digit of 89525?
2
What is the thousands digit of 5238181?
8
What is the millions digit of 2650301?
2
What is the thousands digit of 8839774?
9
What is the thousands digit of 331010?
1
What is the millions digit of 1478200?
1
What is the ten thousands digit of 654472?
5
What is the thousands digit of 3118317?
8
What is the hundreds digit of 3207507?
5
What is the thousands digit of 15847508?
7
What is the hundreds digit of 411270?
2
What is the tens digit of 1654452?
5
What is the thousands digit of 20004?
0
What is the ten thousands digit of 8076669?
7
What is the ten thousands digit of 46695?
4
What is the units digit of 84536?
6
What is the thousands digit of 560180?
0
What is the units digit of 553325?
5
What is the units digit of 585322?
2
What is the units digit of 272091?
1
What is the hundred thousands digit of 4111788?
1
What is the hundreds digit of 38700?
7
What is the tens digit of 315905?
0
What is the thousands digit of 2167384?
7
What is the ten thousands digit of 247371?
4
What is the hundreds digit of 9730970?
9
What is the tens digit of 509217?
1
What is the ten thousands digit of 151601?
5
What is the units digit of 15840991?
1
What is the thousands digit of 1236461?
6
What is the ten thousands digit of 1086177?
8
What is the ten thousands digit of 2832130?
3
What is the ten thousands digit of 862602?
6
What is the tens digit of 4153583?
8
What is the hundreds digit of 4969041?
0
What is the hundreds digit of 121696?
6
What is the units digit of 346324?
4
What is the units digit of 349908?
8
What is the thousands digit of 859291?
9
What is the hundreds digit of 1821771?
7
What is the tens digit of 7695736?
3
What is the millions digit of 6072188?
6
What is the units digit of 909753?
3
What is the hundred thousands digit of 604461?
6
What is the units digit of 6717868?
8
What is the units digit of 6111778?
8
What is the hundreds digit of 326671?
6
What is the thousands digit of 10162828?
2
What is the hundreds digit of 1956726?
7
What is the millions digit of 6049113?
6
What is the hundred thousands digit of 38990153?
9
What is the ten thousands digit of 9593586?
9
What is the thousands digit of 7236703?
6
What is the units digit of 305562?
2
What is the thousands digit of 468588?
8
What is the units digit of 599885?
5
What is the ten thousands digit of 264603?
6
What is the thousands digit of 507914?
7
What is the ten thousands digit of 397841?
9
What is the ten thousands digit of 8438136?
3
What is the units digit of 2822883?
3
What is the hundreds digit of 1411463?
4
What is the thousands digit of 976341?
6
What is the hundred thousands digit of 552150?
5
What is the hundreds digit of 333542?
5
What is the millions digit of 3395877?
3
What is the ten thousands digit of 179469?
7
What is the hundred thousands digit of 2241916?
2
What is the thousands digit of 6584733?
4
What is the units digit of 108285?
5
What is the hundred thousands digit of 2482518?
4
What is the ten thousands digit of 17053?
1
What is the ten thousands digit of 948725?
4
What is the hundred thousands digit of 972311?
9
What is the tens digit of 3758156?
5
What is the units digit of 15968087?
7
What is the hundred thousands digit of 719391?
7
What is the ten thousands digit of 565455?
6
What is the thousands digit of 803738?
3
What is the tens digit of 21815663?
6
What is the thousands digit of 411090?
1
What is the ten thousands digit of 1940494?
4
What is the tens digit of 1138290?
9
What is the tens digit of 3291833?
3
What is the units digit of 6042152?
2
What is the units digit of 340036?
6
What is the hundred thousands digit of 3435391?
4
What is the hundred thousands digit of 2915636?
9
What is the tens digit of 164787?
8
What is the hundred thousands digit of 215548?
2
What is the hundreds digit of 39159358?
3
What is the units digit of 1392525?
5
What is the units digit of 5261676?
6
What is the hundred thousands digit of 1464401?
4
What is the hundred thousands digit of 121588?
1
What is the ten thousands digit of 182339?
8
What is the ten thousands digit of 1812301?
1
What is the hundreds digit of 1387312?
3
What is the thousands digit of 25347544?
7
What is the thousands digit of 8051923?
1
What is the thousands digit of 532095?
2
What is the hundreds digit of 1169302?
3
What is the hundred thousands digit of 2853243?
8
What is the units digit of 160135?
5
What is the millions digit of 2905652?
2
What is the thousands digit of 1283459?
3
What is the millions digit of 2506163?
2
What is the ten thousands digit of 209623?
0
What is the thousands digit of 2749176?
9
What is the thousands digit of 177768?
7
What is the ten thousands digit of 6405524?
0
What is the tens digit of 2105?
0
What is the hundred thousands digit of 19665163?
6
What is the units digit of 442355?
5
What is the thousands digit of 224789?
4
What is the units digit of 810052?
2
What is the hundreds digit of 572562?
5
What is the millions digit of 14609178?
4
What is the hundred thousands digit of 439195?
4
What is the thousands digit of 14344382?
4
What is the ten thousands digit of 249276?
4
What is the thousands digit of 1726938?
6
What is the thousands digit of 864197?
4
What is the hundreds digit of 28829682?
6
What is the tens digit of 20131718?
1
What is the hundreds digit of 39434?
4
What is the hundreds digit of 5658787?
7
What is the thousands digit of 5699478?
9
What is the hundreds digit of 3132161?
1
What is the thousands digit of 345612?
5
What is the hundred thousands digit of 4181538?
1
What is the millions digit of 7687222?
7
What is the ten thousands digit of 189088?
8
What is the tens digit of 136946?
4
What is the thousands digit of 160448?
0
What is the ten thousands digit of 1167144?
6
What is the tens digit of 223755?
5
What is the tens digit of 218285?
8
What is the units digit of 25073051?
1
What is the millions digit of 19653062?
9
What is the millions digit of 12829035?
2
What is the thousands digit of 264932?
4
What is the hundreds digit of 1302192?
1
What is the ten thousands digit of 135703?
3
What is the hundred thousands digit of 2076725?
0
What is the hundreds digit of 82299?
2
What is the tens digit of 1684987?
8
What is the millions digit of 2423412?
2
What is the units digit of 632742?
2
What is the hundred thousands digit of 544485?
5
What is the thousands digit of 5600364?
0
What is the thousands digit of 972981?
2
What is the millions digit of 1104481?
1
What is the ten thousands digit of 4079674?
7
What is the tens digit of 3958762?
6
What is the hundred thousands digit of 2303886?
3
What is the millions digit of 20097030?
0
What is the ten thousands digit of 5000314?
0
What is the hundred thousands digit of 235968?
2
What is the tens digit of 416190?
9
What is the ten thousands digit of 529092?
2
What is the units digit of 248717?
7
What is the thousands digit of 8475435?
5
What is the millions digit of 6218805?
6
What is the hundred thousands digit of 181591?
1
What is the hundreds digit of 504528?
5
What is the ten thousands digit of 24213718?
1
What is the ten thousands digit of 557103?
5
What is the tens digit of 2260798?
9
What is the tens digit of 738566?
6
What is the units digit of 4893456?
6
What is the millions digit of 1738379?
1
What is the ten thousands digit of 7273959?
7
What is the thousands digit of 100249?
0
What is the hundreds digit of 247239?
2
What is the thousands digit of 757463?
7
What is the ten thousands digit of 944197?
4
What is the millions digit of 8526443?
8
What is the ten thousands digit of 285795?
8
What is the hundred thousands digit of 892184?
8
What is the ten thousands digit of 191479?
9
What is the hundreds digit of 14979916?
9
What is the hundred thousands digit of 1275061?
2
What is the hundred thousands digit of 3782071?
7
What is the hundred thousands digit of 408712?
4
What is the ten millions digit of 20436047?
2
What is the hundred thousands digit of 17880936?
8
What is the hundred thousands digit of 239937?
2
What is the 